**2 - 5. Suppose 0*m - 3*m + 27 = 0. Let n be y(m). Let d(i) = i**3 + 6*i**2 + 3*i - 1. Calculate d(n).
9
Let p(m) = m**3 + 4*m**2 - 7*m - 4. Let u = 10 - 15. Let f be p(u). Let a(s) = -8 + 12 - s + 6. Calculate a(f).
4
Suppose 3*i = 2*k - 4*k + 21, 3*i = k + 3. Let x = k + -4. Let s(n) = -n - 4. Let y(u) = 3*u + 13. Let p(r) = -7*s(r) - 2*y(r). Determine p(x).
4
Suppose 4*a + 4*r - r = 11, -5*a = -r - 9. Let c be (-1)/4 - a/(-8). Let f(s) = -s**2. Calculate f(c).
0
Let j(x) = -x**3 + x**2 - x. Suppose 4*k + 1 = 1. What is j(k)?
0
Suppose -g + 5*b - b - 11 = 0, 3*g = 3*b - 15. Let c(l) = -l**2 + 2*l + 4. What is c(g)?
-11
Let j(f) = -8*f - 1 - 1 + 1. Give j(-1).
7
Let v = -20 + 34. Let b be (50/15)/((-2)/6). Let s = v + b. Let y(k) = -k + 3. Determine y(s).
-1
Suppose -p = 3*p, f + 3*p = 2. Suppose -d - f*t - 4 + 10 = 0, 0 = 3*d - 3*t. Suppose 0 = -d*c - 6 - 4. Let z(k) = k**3 + 4*k**2 - 4*k + 2. Calculate z(c).
-3
Let s be -2 + 7 + 0 + 0. Suppose 2*u - v - 5 = 0, s*v - 2*v = -3*u + 3. Let t(i) = -i**2 + 0*i**u - 8 + 7. Calculate t(-1).
-2
Let y(l) be the second derivative of -l**7/840 + l**6/120 + l**5/24 - l**4/6 + l**3/3 + l. Let j(h) be the second derivative of y(h). What is j(4)?
0
Suppose 4*u - 24 = -4*d + 2*u, -5*d = -5*u - 15. Let o(x) = 3*x - 2. Let b(s) be the first derivative of s**2/2 - s - 1. Let y(q) = 2*b(q) - o(q). Give y(d).
-5
Let h(p) = -4*p**3 + 4*p**2. Let n(s) = s**3 - s. Let k(z) = -h(z) - 5*n(z). Let j(v) = 5*v. Let l be j(-1). Give k(l).
0
Let q(z) = -3*z + 9. Let a(t) = 2*t - 6. Let j(h) = -4*h + 12. Let d(s) = 5*a(s) + 3*j(s). Let i(x) = -7*d(x) + 5*q(x). Let p be (-102)/27 + 4/(-18). Give i(p).
7
Suppose m + 6*m = -7. Let t(f) = 20*f**3 - f**2 + f + 1. What is t(m)?
-21
Let a(z) = -z**3 - 5*z**2 - 2*z + 5. Let x(n) = n**3 + 11*n**2 + 11*n + 6. Let r be x(-10). Calculate a(r).
-3
Suppose 0 = -5*b - 12 - 8. Let r(h) = h**2 + 3*h - 3. Determine r(b).
1
Let b(j) = -j**3 + 5*j**2 - 5*j + 4. Let v = 14 - 13. Let m be v/(0 - 1) + 4. What is b(m)?
7
Let m(d) be the first derivative of 0*d + 1/12*d**4 - d**2 + 1 - 1/60*d**5 - 1/120*d**6 - 1/6*d**3. Let y(p) be the second derivative of m(p). Determine y(1).
-1
Let j(g) = 6*g**2 - 3*g - 2 + 4*g - 2*g + g**3. Let c(z) = -z**2 + 3*z - 4. Let o be c(2). Let f be (-6)/(1 + 0/o). Determine j(f).
4
Suppose -3*q - 3 + 0 = 0. Let u(k) = 13*k - 2. Let i(j) = -6*j + 1. Let r be (-2)/5*5*1. Let s(t) = r*u(t) - 5*i(t). Give s(q).
-5
Let q(j) = j**3 - 2*j**2 + 2. Let m be q(2). Let c(x) = 1 + 5*x + 3 + x**2 - m. Give c(-4).
-2
Let b = 6 - 5. Let s(a) = a**3 - a**2 - a. Calculate s(b).
-1
Let a(p) = -p**2 + 9*p - 5. Let y be a(8). Let f(g) be the first derivative of g**4/4 - 2*g**3/3 - g**2/2 - g - 1. Calculate f(y).
5
Let a(r) be the second derivative of r**3/3 - 2*r**2 - 3*r + 2. Give a(-5).
-14
Suppose 0 = -a - 3*w + 9, 4*a = -0*a - 3*w + 36. Let n(u) = 2*u - 21. Let j be n(a). Let z(l) = l**3 + 2*l**2 - l + 3. What is z(j)?
-3
Let n(y) = y - 6. Suppose 2*p = 3*o + 21, 0*o = 3*p + 2*o - 12. What is n(p)?
0
Let z(x) = -x + 1. Suppose -2 = 5*d + 3. Let f be (d - -3)*-1 + 8. Give z(f).
-5
Let g(a) = -a - 2. Let o be g(-7). Let s = o - 1. Let m(b) = s*b**2 + 5*b**2 + b + 0 - 5*b**2 - 1. Give m(1).
4
Let o(i) be the third derivative of -i**5/60 + i**4/4 + 5*i**3/3 + 24*i**2. What is o(7)?
3
Let q = -9 + 3. Let r = 4 - 1. Let z(c) = -1 + c + r + c - c. Determine z(q).
-4
Let y(f) = 3*f. Let b(q) = -q**3 - 4*q**2 + q + 9. Let j be b(-4). What is y(j)?
15
Suppose 2*o = 5*o. Suppose o*s = 2*s - 4. Let t(j) = -2*j**3 + 3*j**3 - 5*j**2 - 3*j + s*j**2 + 0*j**3 + 5. Give t(4).
9
Let y(l) be the first derivative of l**4/4 + 11*l**3/3 + 6*l**2 + 15*l - 27. Calculate y(-10).
-5
Let n(h) = h**3 - h**2 - 3*h - 1. Let g = -40 + 43. What is n(g)?
8
Let a be -13 + 10 + (2 - 1). Let y(w) be the third derivative of -w**4/24 - w**3/2 + 4*w**2. Determine y(a).
-1
Let k be (2 - -1) + 1/1. Suppose -5*t = -2*a - 2, -k*t + 2 = a + 3. Let s(n) = n**2 - 5*n**3 - 1 - 2*n**2 - n + 2*n**3. Determine s(a).
2
Let j(q) = q**2 + 7*q + 3. Let r be j(-7). Let s(o) = o**3 + 3 - 4*o**2 + 3*o**2 - 5*o + 0*o**2. What is s(r)?
6
Let v = 9 - 13. Let s(a) = -a**2 - 4*a - 1. Calculate s(v).
-1
Let u(q) = 3 + 1 + q - 1. Let f(o) = o**3 - o - 1. Let z be f(0). Let c be 4/z + (0 - -1). Calculate u(c).
0
Let o(n) = n**2 - 4*n - 15. Let b be o(7). Let q(f) = -f - 2. Calculate q(b).
-8
Let i = -1 + 5. Let o(r) = -5 + r + 0*r + 4. Determine o(i).
3
Let u(m) = -m**2 - 5*m + 8. Let a be u(-6). Let v(g) = -5*g**a + 2 + 2*g + 4*g**2 + 2*g**2. Determine v(-3).
5
Suppose 3*y - 5*n = -30, 2*y - 4 + 2 = -4*n. Let r(c) be the second derivative of 0 + 1/6*c**3 + c - 1/2*c**2 - 1/20*c**5 - 5/12*c**4. Calculate r(y).
-6
Let i(t) be the first derivative of -t**4/4 - t**3 - t**2 + 2*t + 11. What is i(-2)?
2
Let j(b) = 1 - 8 - 5*b**2 - 8*b - 6*b**2 + 10*b**2. Calculate j(-8).
-7
Let m(k) = k - 2. Let q be m(6). Let f(t) = -4*t - q*t**2 + 2 + t**3 - 3 + 2. What is f(5)?
6
Suppose 2*a + 2*g = 6 - 16, -a + 1 = -2*g. Let b be (3*4)/a + -1. Let m(l) = 2*l - l - 2*l + 1. Give m(b).
6
Suppose 7*m = 3*m - 8. Let f(i) = i**2 + 6 - 6. Let v(p) = p**2 - 4*p + 4. Let h(w) = m*f(w) + v(w). What is h(-5)?
-1
Let d be (-1)/(3/(-12)*2). Let p(l) = 1 + 4 - 4 - d*l - 9*l. Suppose -2*c + 0 = 2. Give p(c).
12
Let o(d) = 4*d - 4. Let r = 10 - -11. Let k = -13 + r. Suppose -4*f + 2*f = -k. What is o(f)?
12
Suppose 10 = -2*z + 6*z - 2*r, -3*z - 5*r = -14. Let t(a) = -3 - 2 + 3 + z + 4*a**2. Determine t(-1).
5
Let f(o) = o - 5. Suppose -d = -2*d. Let m be (d/3)/(-2) - -8. Suppose -4*v - 5*n + 10 = 0, -5*n = 4*v - m*v - 10. Determine f(v).
-5
Let k(v) = v**3 + 2*v**2 - v - 3. Let j be (-6)/9*3 + 5. Suppose 22 = -j*s + s. Let u = s + 8. Give k(u).
-9
Suppose -4*p = -0*p - 20. Suppose 4*h - 15 = y, 5*y - 4*h = -h - 7. Let z(l) = y - l - l + p + l. What is z(4)?
2
Let p(z) = -z**2 - 5*z + 7. Let s = -10 + 4. Let v be p(s). Let k(y) be the third derivative of y**5/20 + y**4/24 - y**2. What is k(v)?
4
Let f(u) = -u**2 + 8*u - 8. Let z be f(6). Suppose -a = -5*p - 19, -a = -8*p + 10*p - 5. Let v = z - a. Let h(n) = -n. What is h(v)?
5
Let g(j) = -j**2 + 6*j + 3. Let k be (9/4)/(3/8). Give g(k).
3
Let p(c) = c**2 - 6*c - 4. Suppose 2*t = -3*t. Suppose -s - 2*u + 2 = 0, t = -5*s + u - 0*u + 32. Let r be p(s). Let o(v) = v + 2. Calculate o(r).
-2
Let p(l) = 2*l + 3. Let i be p(-6). Let z be ((-12)/i)/((-4)/(-18)). Suppose 0*f + z = 3*f. Let v(k) = -k**3 + k**2 + 1. Give v(f).
-3
Let t = -18 + 16. Let w(l) = l**3 + l**2 + l + 1. Give w(t).
-5
Let z(q) = -q - 5 + 11 + 2*q + 1. Suppose 3*k + 2*r = 2*k - 1, -2*k = -4*r - 14. Let p(h) = h. Let a(t) = k*p(t) - z(t). Calculate a(5).
3
Let j(o) = 4*o**3 + 2*o**2 - 12*o + 1. Let p(r) = -3*r**3 - 3*r**2 + 11*r - 1. Let l(v) = 4*j(v) + 5*p(v). Give l(6).
5
Let n(h) = 20*h**3 + h**2 + h. Suppose -2*v - 7 = t, 0 = 3*v - 3*t + 4*t + 8. Determine n(v).
-20
Let q(z) = -z**3 - 3*z**2 + 3*z + 5. Let c be (-4)/5*35/(-14). Suppose -2*i = c*i + 16. What is q(i)?
9
Suppose -3 = 4*f + 1. Let c(w) = w - 1. Let o = 3 + 3. Let d(r) = -3*r + 2. Let q(t) = o*c(t) + 3*d(t). What is q(f)?
3
Let q(v) = v**3 - 25*v**2 - 24*v - 46. Let d be q(26). Let i(b) = -b**2 + 5*b + 3. Calculate i(d).
-3
Let w(m) = 3*m**2 - 4*m**2 + 4*m**3 - 2*m**3. Suppose -4*h = -3*a - 12, -3*h - a + 9 = -2*a. Suppose u = 5*p - 1, 2*u - 3 = h*p + 2. Give w(p).
1
Suppose 4*t = 4*d - 52, d = -5*t - 3*d - 56. Let b = -9 - t. Let k(u) = -u**3 + u**2 + 5*u - 3. Calculate k(b).
-6
Let t = 4 - -1. Suppose 3*r - 2*r = -5. Let k(y) = -7*y**2 + 12*y - 19. Let m(b) = 10*b**2 - 18*b + 28. Let f(a) = r*m(a) - 7*k(a). Give f(t).
-2
Let o(y) = 6*y**3 - y**2 - 2*y - 1. Let u(c) = -c**3 + 10*c**2 + 15*c - 45. Let a be u(11). Give o(a).
-6
Let o(i) = -4*i**3 + 2*i**2 - 1. Suppose -3 + 0 = 3*x. Determine o(x).
5
Let d(o) be the third derivative of o**4/24 - o**3/3 - 9*o**2. What is d(7)?
5
Let h be 27/6 - (-3)/2. Let d(k) = k - h + 3 - 4 + 4. Let z(o) = 4*o**2 - o + 1. Let f be z(1). Give d(f).
1
Let i(d) = -1. Let z(h) = 4*h - 7. Let c(b) = -11*b + 20. Let f(t) = -6*c(t) - 17*z(t). Let u(g) = -f(g) + 4*i(g). What is u(6)?
9
Let z(t) = 10*t**3 - t. Let m be 1 + 2 - 10/5. Let c = 0 + m. Determine z(c).
9
Let j(p